5*f + 17 - 57 + 445. Calculate c(f).
-12
Let c(d) = 1. Let b(q) = -5*q + 6. Let f(g) = -b(g) + 4*c(g). Let i(u) = -682*u + 2 + 683*u - 1. Let w(m) = -f(m) + 4*i(m). Calculate w(6).
0
Let b(k) = -k. Let c be b(-6). Let n(j) be the third derivative of -90*j**2 + 0*j - 1/6*j**4 - 1/6*j**3 + 0. Determine n(c).
-25
Let y(q) = 44955*q + 45020*q - 89888*q - 10 - 8*q**2. Give y(10).
60
Let o(y) = 10 + y + 1 - 18*y + 0*y. Let s be o(1). Let h(u) = -2*u - 11. What is h(s)?
1
Let w(c) = -c**2 + c + 154. Let v(j) = 149*j - 1949. Let a be v(13). Give w(a).
-2
Let x(l) be the second derivative of l**3/6 + 7*l**2/2 - 2*l. Let h(v) = v + 71. Let a be h(-75). Give x(a).
3
Let k(s) be the second derivative of -s**3/3 - 3*s**2 + 24*s. Let h be k(-11). Let b(f) = 7*f + 11*f - 2 - h*f. Give b(2).
2
Let i(z) be the second derivative of -z**5/20 + 3*z**4/4 - 3*z**3/2 + 9*z**2/2 + 2*z + 67. Let v be (2 - 4)/((-2)/(-4)). Let f be (-6)/v*80/15. Calculate i(f).
1
Let a(u) be the first derivative of 42 - 8*u + 1/2*u**2. Determine a(7).
-1
Let m(c) = -5 + 4 + 7*c**3 - 1045*c**2 + 34*c + 1043*c**2 - 37*c. Give m(-1).
-7
Suppose 0 = -5*h - 2*c + 8, 5*h - 6 = -c + 3. Let a(m) be the second derivative of -5*m - 1/20*m**5 + 1/2*m**3 + 0 - m**h + 1/4*m**4. Determine a(4).
-6
Let s(i) = 15*i**2 + 10*i + 2. Let x(u) = 67*u**2 + 39*u + 10. Let f(m) = -9*s(m) + 2*x(m). What is f(-11)?
13
Let m(f) = -40*f**2 + f - 8. Let s(z) = -17*z**2 + z - 4. Let v(b) = -3*m(b) + 7*s(b). Suppose -2*y - 2 = 14. Determine v(y).
28
Suppose -193 - 137 = -10*n. Suppose -13*p + n*p - 20 = 0. Let z(f) be the first derivative of f**3/3 - f**2 - 1. Calculate z(p).
-1
Suppose 0 = 658*t - 664*t - 60. Let u(b) = 2*b**2 + 15*b + 24. Calculate u(t).
74
Let f(g) = g**2 - 7*g + 6. Let v = 22 - -113. Let p be (45/v)/(50/24 - 2). Calculate f(p).
-6
Let g(v) = 3*v - 124. Suppose -w = -7*t - 7, -10*w - 2*t - 97 = -13*w. Determine g(w).
-19
Let i = 408 - 414. Let y be 1/i + 1105/78. Let z(d) = 2*d - 20. Give z(y).
8
Let b(w) = 19 - w**3 + 4*w**2 - 5*w**2 + 19*w**2 + 14*w - 3*w**2 + 2*w**3. Calculate b(-14).
19
Let x(d) be the third derivative of d**5/60 - d**4/12 - 3*d**3/2 + 119*d**2. Determine x(6).
15
Let w(p) = 3*p**2 - 17*p + 3. Let x = -1327 + 1333. Determine w(x).
9
Let z = 3 + -1. Suppose -3*r - 3 = 0, z*r + 6 = -2*w - 12. Let o(v) be the second derivative of -v**3/3 - 6*v**2 - 3*v. What is o(w)?
4
Let t(c) = c**3 - 5*c**2 - 1. Let i be (-7 - -5)*(2 - 5 - -2). Suppose -d + i*z - 4 = -17, -3*d + 5*z + 35 = 0. Calculate t(d).
-1
Let p = 27 + -25. Let n(f) be the second derivative of -1/2*f**3 - 10*f + 1/2*f**2 + 0. Calculate n(p).
-5
Let v(z) = z**2 - 14*z - 73. Let r(j) = j**2 - 24*j - 73. Let f(u) = -2*r(u) + 3*v(u). Give f(-13).
18
Let o(s) = s**2 - 2426*s**3 - 3*s**2 + 57 - 3*s + 2427*s**3 - 9*s**2. Give o(11).
24
Let n(l) = -l**2 - 8*l - 6. Let t = -2293 + 2288. Calculate n(t).
9
Let b(w) be the third derivative of w**4/24 - 5*w**3/3 - 2*w**2. Let h be (3 - (3 + -1)) + -7. Let y be (10/h)/(45/(-324)). Calculate b(y).
2
Let j be ((-5)/(-2))/((-550)/(-330)). Let n(u) be the second derivative of -j*u**2 - 30*u + 0 + 5/6*u**3 + 1/12*u**4. Calculate n(-4).
-7
Let k(f) = -4*f**2 - 51*f - 139. Let o be k(-4). Let g(c) be the second derivative of 5*c**3/2 - c**2/2 - c. Determine g(o).
14
Suppose -q = 2*j - 14, -3*j + 3*q + q = 1. Let l(o) = 575 - 1149 - 4*o**2 + j*o**2 + 576. What is l(4)?
18
Let r be (-10)/3*12/10. Let g be (r - -3)*(-4 + 0). Let u(s) be the second derivative of s**3/3 - 3*s**2 - 4*s - 4. Give u(g).
2
Let k(u) = -12*u + 8. Let l(g) = g**3 + 58*g**2 - 121*g + 2. Let a be l(2). Calculate k(a).
8
Let g(m) = -20*m**2 - 52*m + 38. Suppose 0 = -t - 14 + 9, 4*v = 2*t + 54. Let n(k) = -11*k**2 - 27*k + 19. Let u(p) = v*n(p) - 6*g(p). What is u(13)?
7
Suppose -2*s = -5*c + 33 - 124, -4*s = -32. Let t(k) = k**3 + 13*k**2 - 32*k - 17. Give t(c).
13
Let z(t) = 4*t - 3333 + 6684 - 3340. What is z(-10)?
-29
Let k(n) = -n**3 - n**2 + n - 2. Suppose -19*z = 25*z. Let c be k(z). Let o(g) be the first derivative of -2*g**3/3 + 2*g - 1. What is o(c)?
-6
Let v(o) = -2*o - 1. Let w be (-4)/1*2832/(-64). Let r = -180 + w. Give v(r).
5
Let l(g) = 14 + 3*g**2 + 6*g - 11*g**2 + 7*g**2. Let h(u) = -403*u + 3231. Let a be h(8). Calculate l(a).
7
Let h(l) = -l**2 + 46*l + 157. Suppose -77*i - 516 = 95*i. Give h(i).
10
Let k(b) = 3*b - 1. Let l(n) = 16*n + 4. Suppose -15 = -11*i - 4. Let v(z) = i*l(z) - 6*k(z). What is v(8)?
-6
Let h(p) = -15*p + p**2 + 35 + 3*p + 0*p**2. Let y be h(8). Let k be -1 + ((-3 + y)/4)/1. Let i(g) = g**3 + g**2 + g. Give i(k).
-1
Let s(h) = 8*h + 1 + 0 + 7 + 0*h. Calculate s(9).
80
Let z(k) = 737*k - 2946. Let y be z(4). Let q(b) = -12*b - 1. Let v be -1 + -4 + 3 + -1. Let w(r) = 12*r + 1. Let x(c) = v*w(c) - 4*q(c). Determine x(y).
25
Let l(z) be the third derivative of -z**4/4 + 2*z**3/3 + 29*z**2 + 4*z. Let s be (-3)/(-2)*10/3. What is l(s)?
-26
Let c(o) be the third derivative of -o**7/210 + o**6/360 - 47*o**3/3 - 20*o**2. Let r(x) be the first derivative of c(x). What is r(-1)?
5
Let c(n) = -4*n - 8. Let s(b) = -5*b - 5. Let r(h) = -6*c(h) + 5*s(h). What is r(23)?
0
Let r(w) = -w**3 + 5*w**2 + 3*w - 2. Let i = 2040 + -2034. Give r(i).
-20
Let o(i) be the second derivative of i**4/12 + 11*i**3/3 + 3*i**2/2 - 97*i + 3. What is o(-22)?
3
Let o(j) = 1 + 0 - 3 + 7984*j - 3*j**3 + 3*j**2 + 2*j**3 - 7977*j. Determine o(4).
10
Let n(m) = 9*m + 279. Let r(p) = p**2 - 61*p - 2293. Let t be r(-26). Give n(t).
0
Let c(q) = -53 + 1738*q - 1736*q + 17. What is c(10)?
-16
Let h(f) = -f**3 - 4*f**2 + f - 7. Let j = 10 + -18. Let g(i) = -98*i**2 + 8 - 6 - i**3 - 7 + 90*i**2. Let n be g(j). Calculate h(n).
13
Suppose 0 = -j + 4*o - 2, 8*o - 13*o - 30 = 2*j. Let u(p) = p**3 + 8*p**2 - 20*p + 9. Determine u(j).
9
Let z(m) be the second derivative of -1/20*m**5 - 1/2*m**4 + 3*m**2 - 1/6*m**3 + 0 + 2*m. Let b(c) = 24*c + 114. Let d be b(-5). Give z(d).
12
Let o(j) = -20*j**3 + 32*j**2 + 47*j - 47. Let m(x) = -9*x**3 + 16*x**2 + 23*x - 24. Let v(a) = 9*m(a) - 4*o(a). Determine v(17).
6
Let k(d) be the third derivative of -d**6/120 - 4*d**5/15 - d**4/2 + 22*d**3/3 + 979*d**2. Give k(-15).
-1
Let m(v) = 4*v**2 - 3*v - 3. Let o = -43 + 40. Let h be m(o). Let s be ((-10)/(-35))/(3/h). Let j(w) = -w**3 + 3*w**2 + 4*w + 4. Calculate j(s).
4
Let q(r) be the third derivative of -9*r**2 - 20/3*r**3 + 1/60*r**5 + r + 0 + 17/24*r**4. Let x be q(-19). Let z(y) = 3*y + 1. What is z(x)?
-5
Suppose 0 = 110*s + 43*s + 544 + 833. Let l(k) = k - 4. Calculate l(s).
-13
Let x(t) be the first derivative of t**4/4 - 11*t**3/3 - t**2 + 13*t - 258. Let a(b) = -b**3 - 15*b**2 + 17*b + 27. Let z be a(-16). What is x(z)?
-9
Let a(s) be the third derivative of 0 - 79*s**2 - 1/4*s**4 + 1/30*s**5 + 0*s - 1/6*s**3. Suppose -k - 11 = -2*u, -4*k + 13 = 3*u + 2. Determine a(u).
19
Suppose -2*u = -3*d - 165 + 157, -5*u = -3*d - 29. Let k(p) = -31*p + 55. Give k(d).
-7
Let x be 2010/(-34) + (-26)/(-221). Let u = x + 53. Let d(y) = -2*y + 4. Let b(j) = -j + 5. Let q(m) = 3*b(m) - 2*d(m). What is q(u)?
1
Let j be ((-5)/(-2))/(6/12). Let y(p) = -4*p - j + 2*p - 3*p + 4*p**2 + p**3. Let s be (-117)/(-351) + 32/(-6). Determine y(s).
-5
Let m(c) be the second derivative of 67*c**3/6 - 236*c**2 - 342*c. Calculate m(7).
-3
Suppose 3*y = 5*b - 34, b - 4*y + 466 - 483 = 0. Let v(w) = w**3 - 8*w**2 + 13*w - 7. Determine v(b).
-17
Let y(s) be the first derivative of s**4/4 + 17*s**3/3 - 17*s**2/2 + 18*s + 16. Let i be ((-3780)/(-700))/((-6)/20). Calculate y(i).
0
Let k(p) = 2*p**2 - 204*p - 837. Let o be k(-4). Let f(a) = -a**2 + 3*a + 90. What is f(o)?
2
Let b(j) = -j**3 - 5*j**2 - j + 2. Let x = 2329 - 2332. What is b(x)?
-13
Suppose -2*j - 87 = -d, 4*j - 4*d + 216 = -j. Let v = -47 - j. Let m(h) = 10*h + 4. What is m(v)?
-26
Let i(z) = 2*z**3 + 15*z**2 + 3*z + 2. Let j(q) = -12*q - 307. Let v be j(-25). Calculate i(v).
30
Let p(i) = -200 - 111 + 76 - 13*i. What is p(-18)?
-1
Let j(m) be the first derivative of -m**3/3 + 9*m**2/2 + 4*m + 22. Let c = -352 - -361. Calculate j(c).
4
Let x(v) be the second derivative of 9*v**2 - 5/2*v**3 - 1/20*v**5 + 30*v + 5/4*v**4 + 0. What is x(14)?
4
Let w(s) = -4*s + 2. Let j be w(2). Let b(r) be the first derivative of